-6739
In base 3, what is -201 + 11?
-120
In base 10, what is 0 - 97?
-97
In base 12, what is 3 + -ba7?
-ba4
In base 8, what is 70 - 271?
-201
In base 5, what is -1 + 142?
141
In base 12, what is 5 + -179?
-174
In base 11, what is 16 + 10?
26
In base 6, what is -101 + -5?
-110
In base 4, what is 10 + -131103?
-131033
In base 12, what is 18a + 59?
227
In base 8, what is -2 + 3157?
3155
In base 3, what is -10112222 + 12?
-10112210
In base 13, what is 839 - -4?
840
In base 2, what is -10 - 100001101010?
-100001101100
In base 6, what is 24 - -315?
343
In base 5, what is 23 - -1314?
1342
In base 16, what is 1 + 4?
5
In base 11, what is 1179 - 5?
1174
In base 7, what is 4354 - 20?
4334
In base 13, what is 0 + 97b?
97b
In base 5, what is 2 + 1114?
1121
In base 4, what is -2213023 + 2?
-2213021
In base 4, what is -11012 + 0?
-11012
In base 8, what is 1 - -3750?
3751
In base 10, what is -4977 + 5?
-4972
In base 9, what is 6743 - -5?
6748
In base 8, what is 0 - -2?
2
In base 7, what is -12 + -26?
-41
In base 16, what is 3 + -39?
-36
In base 7, what is 160 - 50?
110
In base 16, what is 3 + 22?
25
In base 15, what is -32 + -d?
-40
In base 15, what is 5 + 19?
1e
In base 14, what is a - 171?
-165
In base 8, what is 2 + 11?
13
In base 7, what is 0 + -406?
-406
In base 16, what is 2b - 0?
2b
In base 12, what is -14 - -20?
8
In base 13, what is 5 + 1029?
1031
In base 14, what is 5 + -205?
-200
In base 16, what is -2 + 8f2?
8f0
In base 6, what is 424 - 10?
414
In base 4, what is 2 - 133?
-131
In base 15, what is -10 + -15b?
-16b
In base 10, what is -21 - -1?
-20
In base 5, what is 223 + -243?
-20
In base 14, what is 217 - 31?
1c6
In base 11, what is -187a - -2?
-1878
In base 15, what is -881 - -2?
-87e
In base 7, what is 2 + 3153?
3155
In base 7, what is -144 + 0?
-144
In base 7, what is -1026 - 13?
-1042
In base 5, what is 0 + -40?
-40
In base 2, what is -110000101 - -11?
-110000010
In base 8, what is 4 - -45?
51
In base 15, what is -75 + 0?
-75
In base 8, what is -5 - -2124?
2117
In base 12, what is 4 - b9?
-b5
In base 12, what is 218 + -5?
213
In base 6, what is -40233 + -3?
-40240
In base 14, what is -1c - -135?
117
In base 2, what is 11101 + -11001?
100
In base 13, what is 8c6 - 5?
8c1
In base 2, what is -111 - 11000?
-11111
In base 8, what is -2 + 43?
41
In base 13, what is 82 + 7?
89
In base 4, what is 3 - 1220333?
-1220330
In base 11, what is -86 + -19?
-a4
In base 10, what is 0 - 94?
-94
In base 8, what is 11 - 4?
5
In base 3, what is -2101 - -1012?
-1012
In base 7, what is -1 + -33?
-34
In base 11, what is 4 + -3a?
-36
In base 3, what is 2210022 - -12?
2210111
In base 16, what is 12 - -1a?
2c
In base 10, what is 99 + -82?
17
In base 3, what is 0 - 2200?
-2200
In base 4, what is -102 - -3?
-33
In base 4, what is -2101 + -133?
-2300
In base 15, what is 1 - -bde?
be0
In base 10, what is -10 - -14?
4
In base 2, what is 10010000110 + -1100?
10001111010
In base 16, what is 3 + 686?
689
In base 2, what is 1001110110 + -10?
1001110100
In base 7, what is -61 + -13?
-104
In base 4, what is 10321 + 100?
11021
In base 16, what is 59 - -5?
5e
In base 9, what is 2 - -8464?
8466
In base 3, what is -1 - -1121?
1120
In base 5, what is 3 + 3341?
3344
In base 11, what is 1 + 9?
a
In base 5, what is -2 - 120111?
-120113
In base 11, what is 5 - 16a0?
-1696
In base 13, what is -59 + -18?
-74
In base 16, what is -2b5 - -5?
-2b0
In base 5, what is 432 - -41?
1023
In base 14, what is -4 - 1?
-5
In base 4, what is 30 + -31131?
-31101
In base 11, what is 20 - 7?
14
In base 8, what is 4 + 1166?
1172
In base 8, what is 52 - -427?
501
In base 5, what is 4 - -44?
103
In base 16, what is 27 - -3a?
61
In base 14, what is 6 - -591?
597
In base 11, what is -53768 + -1?
-53769
In base 2, what is 0 - -100100001001?
100100001001
In base 8, what is -11 - -43?
32
In base 9, what is 103 + 24?
127
In base 2, what is 10 - -100?
110
In base 9, what is -1068 - 1?
-1070
In base 8, what is 54 + 116?
172
In base 10, what is 0 - 27?
-27
In base 4, what is 1 + -123?
-122
In base 10, what is 656 + 2?
658
In base 16, what is 1 - -36?
37
In base 4, what is 13210 + 2?
13212
In base 14, what is -2 + -35?
-37
In base 5, what is 3 - 3224?
-3221
In base 14, what is -c1 - -2?
-bd
In base 9, what is 1584 + -4?
1580
In base 4, what is 300 - 0?
300
In base 14, what is 1 - 25d0?
-25cd
In base 7, what is -5 - 11?
-16
In base 5, what is -11 + -1?
-12
In base 3, what is 12 + -12222?
-12210
In base 16, what is 3 - 3b1?
-3ae
In base 4, what is 10132 + -21?
10111
In base 3, what is 22 - -1010?
1102
In base 10, what is 92 + -2?
90
In base 11, what is -5 + -28?
-32
In base 15, what is 1 - b?
-a
In base 3, what is -102202 - -1222?
-100210
In base 7, what is 4006 + 1?
4010
In base 16, what is 10 + 24?
34
In base 10, what is -59 - -67?
8
In base 5, what is -10410 + -4?
-10414
In base 4, what is -3 - -1020?
1011
In base 12, what is -2a6a - 0?
-2a6a
In base 5, what is 1 + -1113?
-1112
In base 12, what is -3 - -ab8?
ab5
In base 10, what is -5 - -592?
587
In base 2, what is -10 - -1000001?
111111
In base 12, what is 6 + 1b4?
1ba
In base 13, what is 8 - -76?
81
In base 14, what is 1 - 2078?
-2077
In base 7, what is -226 + -1?
-230
In base 12, what is 36 + -32?
4
In base 10, what is -3 + -9?
-12
In base 7, what is 153 - -4?
160
In base 3, what is -10 + 2101?
2021
In base 5, what is -11 - -100?
34
In base 11, what is 8 - 1?
7
In base 11, what is 526 - -1?
527
In base 3, what is 1 + -1012110?
-1012102
In base 16, what is 66 + 1?
67
In base 7, what is -5 - -1150?
1142
In base 4, what is 20 - -122?
202
In base 2, what is 10000001 - -101?
10000110
In base 9, what is 281 - 2?
278
In base 7, what is 5 - 343?
-335
In base 4, what is -2 + 2103?
2101
In base 2, what is 11 + 111010011?
111010110
In base 16, what is -9e + -5?
-a3
In base 16, what is 9 + -40?
-37
In base 9, what is 4 + 147?
152
In base 12, what is 6 + 1?
7
In base 8, what is 4 - 4?
0
In base 11, what is 7 + 240?
247
In base 12, what is -28 - 31?
-59
In base 3, what is -10 + -101212?
-101222
In base 4, what is 10 - -101?
111
In base 15, what is -191 + 4?
-18c
In base 2, what is 11101 - -1010?
100111
In base 10, what is 502 - -5?
507
In base 2, what is 101001011010 - 10?
101001011000
In base 8, what is 177 + -5?
172
In base 12, what is 7b + 3?
82
In base 16, what is -d + -93?
-a0
In base 3, what is -1 - -102200?
102122
In base 10, what is 6 + -562?
-556
In base 11, what is -22 - 6?
-28
In base 7, what is 4 + -206?
-202
In base 10, what is -2 - 125?
-127
In base 13, what is -799 - -1?
-798
In base 7, what is 1311 - 0?
1311
In base 13, what is -5 + -131?
-136
In base 12, what is -1299 + -2?
-129b
In base 4, what is 12 - 223?
-211
In base 12, what is -17 + 2?
-15
In base 5, what is 14 + 13?
32
In base 2, what is -1001 - 10001?
-11010
In base 13, what is 2 - 1c?
-1a
In base 4, what is -1 - -2031?
2030
In base 7, what is 13 - 135?
-122
In base 9, what is 3 - 20?
-16
In base 16, what is 6 + 1630?
1636
In base 10, what is 109 - -11?
120
In base 4, what is -122 + -13033?
-13221
In base 12, what is 4 - -17b8?
1800
In base 9, what is 0 - 2553?
-2553
In base 14, what is 0 + 20?
20
In base 8, what is -332 + 15?
-315
In base 12, what is -368 + -3?
-36b
In base 8, what is 154 + 0?
154
In base 8, what is 47070 - -5?
47075
In base 12, what is 4 - -7?
b
In base 9, what is -57 + -3?
-61
In base 8, what is -3 + -20?
-23
In base 8, what is -1 + -2465?
-2466
In base 6, what is -31401 - -2?
-31355
In base 14, what is -29 - 4?
-2d
In base 9, what is 3 + 1558?
1562
In base 2, what is -101 + 1101111110?
1101111001
In base 7, what is -2 - 361?
-363
In base 6, what is -3 + 221?
214
In base 15, what is 5 - -475?
47a
In base 4, what is 102 + 3020?
3122
In base 9, what is 1 - -4182?
4183
In base 11, what is 2 - -31?
33
In base 11, what is -7 + 11?
5
In base 11, what is -34 - 5?
-39
In base 9, what is -36141 - -5?
-36135
In base 3, what is 11 - 211?
-200
In base 4, what is 13 + 2?
21
In base 15, what is 6b1 - -4?
6b5
In base 3, what is -10222 - -2?
-10220
In base 5, what is -444 + -4?
-1003
In base 5, what is -12 + -300?
-312
In base 16, what is 4 + -35?
-31
In base 7, what is 10 - 0?
10
In base 15, what is 2 + -64?
-62
In base 14, what is 13a + 1?
13b
In base 7, what is -26 + 3?
-23
In base 14, what is 